89, 193, 1303
What are the prime factors of 433275973?
13, 33328921
List the prime factors of 46845708.
2, 3, 7, 13, 42899
What are the prime factors of 884801775?
3, 5, 11, 13, 82499
List the prime factors of 144604754.
2, 7, 17, 607583
What are the prime factors of 106954641?
3, 3961283
List the prime factors of 274619753.
274619753
What are the prime factors of 3943985012?
2, 11, 61, 911, 1613
What are the prime factors of 19133927?
67, 347, 823
What are the prime factors of 73715359?
37, 1992307
List the prime factors of 311595585.
3, 5, 7, 1489, 1993
List the prime factors of 84971504.
2, 89, 59671
What are the prime factors of 554354348?
2, 53, 271, 9649
List the prime factors of 49616570.
2, 5, 83, 59779
What are the prime factors of 200884076?
2, 50221019
What are the prime factors of 78029325?
3, 5, 11, 31, 113
What are the prime factors of 28220373?
3, 1045199
List the prime factors of 478026075.
3, 5, 337, 18913
What are the prime factors of 257137391?
7, 383, 95911
List the prime factors of 208479767.
208479767
What are the prime factors of 6699355130?
2, 5, 13, 23, 31, 72277
List the prime factors of 9248979.
3, 3082993
List the prime factors of 1069821943.
47, 83, 274243
List the prime factors of 129852024.
2, 3, 29, 186569
What are the prime factors of 14996899?
14996899
What are the prime factors of 579881613?
3, 193293871
What are the prime factors of 219189250?
2, 5, 7, 29, 617
List the prime factors of 6057504685.
5, 17, 5651, 12611
What are the prime factors of 277940473?
131, 2121683
List the prime factors of 331258310.
2, 5, 71, 466561
List the prime factors of 3107845155.
3, 5, 37, 47, 283, 421
What are the prime factors of 40169878?
2, 7, 17, 168781
List the prime factors of 3001921364.
2, 13, 57729257
List the prime factors of 6375585601.
7, 11, 2347, 35279
List the prime factors of 158064462.
2, 3, 8781359
List the prime factors of 628204799.
628204799
What are the prime factors of 851675952?
2, 3, 167, 181, 587
What are the prime factors of 66552674?
2, 33276337
What are the prime factors of 24039208?
2, 3004901
What are the prime factors of 34664660?
2, 5, 487, 3559
List the prime factors of 96858037.
23, 4211219
What are the prime factors of 202225568?
2, 23, 59, 4657
What are the prime factors of 66238353?
3, 7359817
List the prime factors of 7686727536.
2, 3, 157, 1020001
List the prime factors of 130206845.
5, 163, 159763
List the prime factors of 739215436.
2, 47, 3931997
List the prime factors of 425139518.
2, 31, 1213, 5653
List the prime factors of 11805583.
89, 132647
List the prime factors of 38094791.
7, 19, 286427
List the prime factors of 722192295.
3, 5, 11, 23, 190301
What are the prime factors of 538538244?
2, 3, 2251, 19937
List the prime factors of 3057800857.
89, 34357313
List the prime factors of 136287712.
2, 11, 313, 1237
What are the prime factors of 56163210?
2, 3, 5, 127, 14741
List the prime factors of 795559255.
5, 61, 181, 14411
List the prime factors of 121237508.
2, 7, 23, 79, 2383
List the prime factors of 7104052.
2, 1776013
What are the prime factors of 38536468?
2, 367, 26251
What are the prime factors of 678896302?
2, 7, 151, 321143
List the prime factors of 157380659.
71, 2216629
What are the prime factors of 186012212?
2, 739, 62927
What are the prime factors of 81122334?
2, 3, 17, 23, 151, 229
List the prime factors of 13290358.
2, 97, 68507
What are the prime factors of 864854931?
3, 1171, 246187
List the prime factors of 47411976.
2, 3, 1975499
List the prime factors of 6186681573.
3, 53, 101, 191, 2017
List the prime factors of 2665558092.
2, 3, 41, 5417801
What are the prime factors of 157496825?
5, 29, 109, 1993
What are the prime factors of 48522595?
5, 11, 31, 149, 191
What are the prime factors of 70787516?
2, 73, 149, 1627
What are the prime factors of 8624334?
2, 3, 1437389
List the prime factors of 3727671602.
2, 1863835801
What are the prime factors of 232752988?
2, 13, 4476019
List the prime factors of 3823939936.
2, 37, 521, 6199
List the prime factors of 291302048.
2, 41, 222029
What are the prime factors of 946568182?
2, 7, 19, 72623
List the prime factors of 1023225035.
5, 7, 23, 1271087
List the prime factors of 723509054.
2, 1439, 251393
What are the prime factors of 26538079?
19, 193, 7237
What are the prime factors of 363466336?
2, 199, 57077
List the prime factors of 132139841.
132139841
List the prime factors of 659058545.
5, 131811709
What are the prime factors of 78865877?
29, 71, 38303
List the prime factors of 128708615.
5, 7, 17, 216317
List the prime factors of 267744358.
2, 7, 37, 149, 3469
List the prime factors of 427552069.
7, 6269, 9743
List the prime factors of 289069604.
2, 37, 1021, 1913
What are the prime factors of 44180410?
2, 5, 4418041
List the prime factors of 106236048.
2, 3, 29, 167, 457
What are the prime factors of 1415357169?
3, 43, 401, 27361
List the prime factors of 32582832.
2, 3, 678809
List the prime factors of 1000601713.
1000601713
What are the prime factors of 197164444?
2, 19, 61, 71, 599
List the prime factors of 82092960.
2, 3, 5, 31, 613
What are the prime factors of 206957817?
3, 11, 137, 15259
List the prime factors of 4509523096.
2, 13, 43360799
List the prime factors of 858623338.
2, 19, 62591
List the prime factors of 79683531.
3, 3917, 6781
What are the prime factors of 4858559686?
2, 971, 2501833
What are the prime factors of 1960039108?
2, 31, 3449, 4583
List the prime factors of 1693543082.
2, 7, 11, 31, 354743
What are the prime factors of 474134510?
2, 5, 47413451
What are the prime factors of 826783748?
2, 7, 109, 270899
List the prime factors of 167551763.
29, 947, 6101
List the prime factors of 127226886.
2, 3, 29, 731189
What are the prime factors of 8529249313?
13, 101, 6496001
List the prime factors of 28389490.
2, 5, 17, 31, 5387
List the prime factors of 33925030.
2, 5, 17, 199559
What are the prime factors of 855098312?
2, 106887289
List the prime factors of 76128729.
3, 25376243
List the prime factors of 51270345.
3, 5, 7, 37, 53, 83
List the prime factors of 3320590.
2, 5, 7, 13, 41, 89
What are the prime factors of 99042282?
2, 3, 5502349
List the prime factors of 1248434110.
2, 5, 7, 11, 941, 1723
What are the prime factors of 808685901?
3, 47, 1911787
List the prime factors of 596707205.
5, 10273, 11617
List the prime factors of 3328880507.
29, 1097, 104639
List the prime factors of 16741603.
19, 277, 3181
What are the prime factors of 10508348?
2, 61, 43067
What are the prime factors of 1666497833?
7, 11, 13, 1664833
What are the prime factors of 152461059?
3, 50820353
List the prime factors of 3186340.
2, 5, 313, 509
What are the prime factors of 30898409?
30898409
What are the prime factors of 30486000?
2, 3, 5, 5081
What are the prime factors of 36730644?
2, 3, 347, 8821
What are the prime factors of 933046244?
2, 13, 23, 691, 1129
What are the prime factors of 83875961?
13, 6451997
List the prime factors of 3911153025.
3, 5, 13, 17, 235967
List the prime factors of 24385001.
24385001
List the prime factors of 5523465592.
2, 223, 977, 3169
What are the prime factors of 2394525116?
2, 1039, 576161
List the prime factors of 414621649.
13, 4049, 7877
What are the prime factors of 1291396998?
2, 3, 151, 457, 3119
List the prime factors of 2255892893.
29473, 76541
List the prime factors of 63771058.
2, 13, 29, 83, 1019
List the prime factors of 25266697.
2819, 8963
What are the prime factors of 1305668205?
3, 5, 29014849
What are the prime factors of 739170572?
2, 7, 31, 503, 1693
What are the prime factors of 261636938?
2, 53, 2468273
List the prime factors of 729935621.
43, 809, 20983
List the prime factors of 5994024.
2, 3, 137, 1823
What are the prime factors of 336796810?
2, 5, 7, 4811383
List the prime factors of 306192662.
2, 153096331
What are the prime factors of 129308909?
4003, 32303
What are the prime factors of 23200667?
7, 29, 563
List the prime factors of 24388471.
61, 83, 4817
What are the prime factors of 185962112?
2, 7, 207547
List the prime factors of 6586239110.
2, 5, 11, 17, 3522053
What are the prime factors of 45313743?
3, 197, 76673
What are the prime factors of 33457618?
2, 31, 539639
What are the prime factors of 316292266?
2, 227, 696679
List the prime factors of